 q be (-2)/(-4)*(-3 + -1). Calculate n(q).
5
Let m(a) = a - 3. Let i(f) = -1. Let q(j) = 6*i(j) - m(j). Let t(k) = -2*k**2 - 2*k - 1. Let h be t(-2). Calculate q(h).
2
Let x(v) = -v**2 - 2*v - 2. Suppose p = -3, 0 = 2*j + 3*p - 5*p. Let t be x(j). Let y(a) = -a - 3. Give y(t).
2
Let z = -72 + 73. Let a(l) = 7*l**3 - 1. Calculate a(z).
6
Let j(i) = -i + 2. Let c be j(2). Let o be c/(-2) + -4 + 1. Let r(f) = -f - 4. Determine r(o).
-1
Let n = 8 - 6. Let v be (n/6)/(2/6). Let q(r) = r**3 - r**2 + r. Give q(v).
1
Suppose 7*l = 4*l. Suppose 0 = x - l - 2. Suppose -u = -y + 1 + 9, -4*y = x*u - 10. Let g(v) = -v + 3. Determine g(y).
-2
Let f(k) be the first derivative of k**4/2 - k**3 - k**2/2 + 2*k - 82. Let b(w) = -w**2 - 5*w + 2. Let s be b(-5). Calculate f(s).
4
Let u(z) = z - 2. Let d(o) = -3*o + 7. Let x(s) = -6*d(s) - 17*u(s). Let f = 15 + -11. What is x(f)?
-4
Let l(t) = t - 4. Let m(n) = 3*n**2 - 4*n + 1. Let x be m(2). Determine l(x).
1
Let w(z) = -z**2 - 9*z. Let v be (-112)/(-10) - 4/20. Suppose -f - v = -2. Let l be w(f). Let k(r) = r + 1. What is k(l)?
1
Suppose 0 = -2*w + 7*w. Let m be (w - -1)/1 + 1. Let x = 0 - m. Let z(n) = -n**2 - 4*n - 3. What is z(x)?
1
Let a be -2 + 5 - 0 - -11. Let h = 10 - a. Let b(r) = r**3 + 4*r**2 + r + 4. Calculate b(h).
0
Let g(s) = -9*s + 0*s - 5*s**2 + 1 + 6*s**2 + 3*s. Suppose 5*w - 27 + 12 = 0. Suppose 0*m + w*m - 15 = 0. Give g(m).
-4
Suppose 0 = 3*q - 1 + 22. Let p = 10 + q. Let w(y) = y**3 - 4*y**2 + 4*y + 1. Give w(p).
4
Let w(k) = -8*k**2 - 35*k - 13. Let t(y) = 3*y**2 + 12*y + 5. Let i(a) = -11*t(a) - 4*w(a). Calculate i(8).
-3
Let i = -17 + 18. Let p be 1/(14/12 - i). Let u(o) = o - 3. What is u(p)?
3
Suppose 0 = 3*u - 2*t - 16, u + 3*u - 3*t - 21 = 0. Let q be (u*(-4)/(-6))/2. Let g(y) = -3*y**2 - y**3 + 5*y**2 - 4 - y - 3*y**q. Give g(0).
-4
Let j(w) = -w**3 - 6*w**2 - 4*w + 3. Suppose -u + 3*u = -3*i + 94, -3*u = -5*i + 125. Let r be -9 - 7/(i/(-16)). Give j(r).
-2
Let n(y) = y**2. Let q = 24 - 23. What is n(q)?
1
Let v(l) be the second derivative of 2*l**2 - 4*l + 0*l**3 - 1/20*l**5 + 0 + 1/4*l**4. Let i = -6 + 9. Calculate v(i).
4
Let z be (-1 - -3) + 0 + 0. Suppose 0 = -x + z. Let b(s) = x + 3*s - 4*s + 0*s. Determine b(4).
-2
Let b(z) = -z + 2. Let o = 6 - 1. Let l(m) = 2*m - 5. Let j be l(o). Let h = j + -4. Give b(h).
1
Let j be 0 - (2 + -4)*1. Let i(n) = -3*n**2 + 2*n + 1. Give i(j).
-7
Let m(z) = 4*z**2 + 4*z + 45. Let h(v) = -v**2 - v - 11. Let b = -11 + 2. Let y(w) = b*h(w) - 2*m(w). Give y(0).
9
Let t(q) = -3*q**2 + 2*q + 4. Let m(k) = -4*k**2 + 5*k + 4 - 4*k + 2*k**2 - 2*k**2. Let w(c) = -4*m(c) + 5*t(c). Let d be 0 - (2/2 - -5). What is w(d)?
4
Let f(u) be the first derivative of u**3/3 + u**2 + 4*u - 14. What is f(-3)?
7
Let d(y) be the third derivative of -y**5/60 + 7*y**4/24 - 3*y**3/2 - 19*y**2. Calculate d(7).
-9
Let n(w) be the first derivative of -3*w**2 + 2*w - 4. Determine n(2).
-10
Let r(s) = 19*s - 4. Let u be r(-5). Let v be (-616)/u - 2/9. Let p(z) = z**3 - 5*z**2 - 6*z - 3. What is p(v)?
-3
Suppose 0*z = -j + 2*z + 3, 4*z - 3 = -j. Let v be (-13)/5 - j/(-5). Let w(o) = 2*o. Calculate w(v).
-4
Let d(o) = o**3 - 2*o + 3. Let m be d(0). Let q(u) = -4*u. What is q(m)?
-12
Let i(z) = -4*z**2 - 4*z + 11. Let u(w) = 3*w**2 + 4*w - 10. Let t(q) = 2*i(q) + 3*u(q). Suppose -3*n - 3*m - 9 = -n, -m = -1. Calculate t(n).
4
Let y be (32/12)/(1/3). Let j be 27/(-9) + (4 - 1). Suppose j*d = -4*l - 5*d - 7, -2*l - y = 4*d. Let h(b) = b**2 - 2*b. What is h(l)?
0
Let p(m) = -3*m**3 + m**2 + 2*m - 13. Let c(u) = 16*u**3 - 5*u**2 - 11*u + 64. Let a(b) = -2*c(b) - 11*p(b). Give a(0).
15
Let x(w) = -w - 3. Let f(c) be the third derivative of c**5/30 + c**4/24 - c**2. Let d be f(1). Suppose -3*v - 14 = -4*o, -d*o = -o + 2*v - 14. Calculate x(o).
-8
Let y = 14 - 6. Let z = y + -5. Let r(l) = -4 - z*l**2 + l + 3 - 2*l**2. Calculate r(1).
-5
Let b(q) be the second derivative of -q**4/12 - q**3/2 - q**2 + 47*q. Let k = 3 + -6. Give b(k).
-2
Let q = -2 + 2. Let l(o) be the first derivative of o**3/6 + 5*o**2/2 + o - 1. Let z(i) be the first derivative of l(i). Give z(q).
5
Let v(b) be the second derivative of 1/6*b**4 + 0*b**2 + b + 0 - 2/3*b**3. What is v(3)?
6
Let u(b) = -b**2 + 6*b - 2. Let r = -6 + 7. Let t(l) = 6*l. Let o be t(r). Give u(o).
-2
Let z(d) be the third derivative of d**5/60 - 5*d**4/24 + d**3 + d**2. Suppose 3*t - 9 = -2*o + 4, 0 = -2*o - 2. Give z(t).
6
Let w(l) = -l**3 - l**2 - 2*l + 1. Let c(o) = -o**3 - o**2 - 2*o. Let v(h) = 3*c(h) - 2*w(h). Determine v(-3).
22
Let s(c) = c**3 - 3*c + 3. Let g be s(2). Suppose j + 3*z = -j + 9, g*j = -3*z + 18. Let o be 0 - 6*(-2)/j. Let x(t) = -t**2 + 2*t + 4. Give x(o).
-4
Let x(t) = 5*t - 1. Let g(u) = u - 9. Let h be g(8). What is x(h)?
-6
Let r be (30/(-24))/((-3)/12*1). Let s(k) = -k**2 + 4*k. Determine s(r).
-5
Suppose -4 = -4*j, -15 = -0*f + 2*f - j. Let p(n) = -2*n - 7. What is p(f)?
7
Let i(p) be the third derivative of -1/60*p**5 + 0*p**4 + 0 - p**2 + 0*p**3 + 0*p. Give i(1).
-1
Let i be ((-6)/15)/((-2)/50). Let d = -4 + i. Suppose -8*n + d*n = 8. Let w(f) = -f - 1. Calculate w(n).
3
Suppose 8 = -14*z + 15*z. Let u(j) = -j**3 + 9*j**2 - 7*j - 6. What is u(z)?
2
Let k(f) be the first derivative of f**4/12 + f**3/3 - 5*f**2/2 + 6. Let i(m) be the second derivative of k(m). Determine i(5).
12
Let u(v) = -2*v + 4. Let m(z) = -3*z**2 + 15 + 4*z - 9*z**2 + z**3 + 6*z. Let b be m(11). Give u(b).
-4
Let u(k) be the second derivative of 0 + 9/2*k**2 - 1/6*k**3 - 1/12*k**4 - 1/20*k**5 - k. Let f be 1 - (0 + 2)/2. Determine u(f).
9
Let j be 4/20 - (-28)/10. Let a(y) = y**2 - 2. Let x(s) = 3*s**2 - s - 3. Let c(q) = 5*a(q) - 2*x(q). Give c(j).
-7
Suppose -1 = x + 4. Let t(o) be the first derivative of -o**2/2 - 2*o - 2. Let k(b) = b + 2. Let g(p) = x*k(p) - 4*t(p). Give g(-1).
-1
Let k(g) = -5*g**2 + 1. Let r(l) be the second derivative of 11/12*l**4 + 0 + 0*l**3 - 3*l - l**2. Let s(m) = 13*k(m) + 6*r(m). Calculate s(1).
2
Let r(k) = k - 13. Suppose 4*z = -8 + 28. Suppose -3*j + 2*a - 8 = 0, z*a + 0*a = 4*j + 20. Determine r(j).
-13
Let i(b) be the first derivative of b**4/4 - 5*b**3/3 + 5*b**2/2 - 4*b + 9. Determine i(4).
0
Let r(a) = -a - 1. Let q(l) = l**2 + 9*l + 1. Let v(y) = q(y) + 4*r(y). Suppose 7 = 2*m + 15. What is v(m)?
-7
Let p(t) be the second derivative of t**3/6 - 9*t**2/2 - 19*t. Give p(4).
-5
Let s be 8/4 - (-7)/(-1). Let g be ((-4)/6)/(2/(-15)). Let p(r) = -2*r + 7 - 4 - g*r**2 + r - r**3. Calculate p(s).
8
Let u(d) be the first derivative of 0*d**2 - 1/4*d**4 + 5/3*d**3 + 5*d + 3. Give u(5).
5
Let x(z) = z**3 - 5*z**2 + 3*z - 4. Let s(n) be the third derivative of -n**6/24 + n**4/12 + n**3/6 + 4*n**2. Let o be s(-1). Give x(o).
-8
Let r(j) be the second derivative of j**3/6 + 5*j**2/2 - 20*j. What is r(-5)?
0
Let f be (-2)/4 - (-4)/8. Let k(j) = -6*j + j + 6*j + 4 + 5. Give k(f).
9
Let i(p) = -3*p**2 + 2*p. Let t(m) be the third derivative of -13*m**5/60 + m**4/3 - 7*m**2. Let z(v) = -9*i(v) + 2*t(v). Calculate z(2).
0
Let o(d) = -10*d**3 - d**2 + 16*d + 3. Let g(k) = -3*k**3 + 5*k + 1. Let f(r) = 7*g(r) - 2*o(r). Let q be 2 + -5 + 6/(-24)*-4. What is f(q)?
11
Let i(m) = 2 + 1 - 2*m + 2. Let d be i(-4). Let x = d - 9. Let w(o) = o**3 - 4*o**2 + o + 4. Give w(x).
8
Let o(j) be the third derivative of j**2 + 0 + 1/30*j**5 - 1/3*j**3 + 0*j**4 + 0*j + 1/180*j**6. Let b(d) be the first derivative of o(d). Determine b(-3).
6
Let y(i) = -2 - 3*i + 2*i - i + i. Give y(-3).
1
Let b(m) be the second derivative of -3*m**5/10 - m**4/2 - m**2 - 3*m. Let r(a) = -7*a**3 - 7*a**2 - 1. Let i(x) = 6*b(x) - 5*r(x). Determine i(0).
-7
Let y(t) be the second derivative of t**6/120 - t**5/60 - t**4/6 + t**3/2 + 2*t**2 + 4*t. Let w(q) be the first derivative of y(q). Determine w(2).
-1
Let m = -2 + 6. Suppose 0 = 5*a + 5*y + 10, -4*y = -m*a - y + 20. Let f(b) = -b**3 + b**2 - b + 2. What is f(a)?
-4
Suppose i - 2*i = u, 0 = -2*i + 4*u + 24. Let l(m) = -4*m**2 - m**2 + i*m**2 + 0*m**2. Calculate l(-1).
-1
Let f(i) be the first derivative of -i**4/4 + 5*i**3/3 - 3*i**2/2 + i - 1. Suppose 0 = -p - 5*z - 11, 5*z + 4 - 1 = -3*p. Determine f(p).
5
Let k(s) be the third derivative of s**4/24 - s**3/3 - 6*s**2. Let f(w) = -1. Let i(q) = 6*f(q) 